 -4*g - 3*g. Suppose -t - 7 = -5*q - 44, g*t - 41 = q. Suppose -t*f + 5 = -7*f. What is the units digit of f?
1
Let i(s) = s**3 + 7*s**2 - s + 2. Let q be i(-5). Let t = 59 - q. Suppose -94 = -t*w - 0*r - r, 8 = 2*r. What is the units digit of w?
5
Let t be 56/(-10) - (-44)/(-110). Let k(s) = -2*s**3 - s**2 - 2*s - 33. What is the hundreds digit of k(t)?
3
Suppose 24 = 8*b - 8. Suppose 70 + 52 = 2*n + b*s, 3*n + 5*s - 178 = 0. What is the units digit of n?
1
Suppose 2*t + n - 49 = 0, -t - 3*n + 6*n + 21 = 0. Suppose -6*m + 6270 = t*m. What is the tens digit of m?
0
Let y be 4/(-6) - (4 - 62764/(-39)). Let s = y - -3561. What is the thousands digit of s?
1
Let s = 293 + 2012. What is the hundreds digit of s?
3
Let u(q) = -50*q + 3. Let h be u(-4). Suppose -998 + h = -5*w. What is the tens digit of w?
5
Let k be (-8)/28 - (-2)/7. Suppose k = -7*q + 33 + 2. Suppose 0 = -q*m + 353 + 127. What is the units digit of m?
6
Suppose 2*x - 4*o + 6 = x, -x = o - 14. Let t be ((-24)/x + 2)/(1/(-10)). Suppose 0 = -3*i + 3*n + 225, 2*i + t*n - 339 = -3*i. What is the units digit of i?
1
Let c = 15 + -3. Let f be 3*(-23 + 7)*(-2)/3. Suppose c*r = -f + 3224. What is the units digit of r?
6
Let q be (11/33)/(2/3558). Suppose -4*r = 4*l - 405 - 379, 3*l = -4*r + q. What is the hundreds digit of l?
1
Let w be (-16*1/(-5))/((-15)/(-225)). Suppose -3*s = -2*s - w. Suppose s = 28*y - 27*y. What is the units digit of y?
8
Let s(w) = 2858*w + 2. Let p be s(1). Let g be (p/(-60))/((-2)/(-72) - 0). What is the units digit of g/(-20) + 5/25?
6
Let z(m) = m**2 + 5*m - 14. Let b be z(5). Let x = 684 + b. What is the tens digit of x?
2
Let a be (1 + -2)*(-2588)/(7 + -3). Suppose 40 - a = -3*z - 4*q, q = -4*z + 831. What is the hundreds digit of z?
2
Suppose 3*p - 475 = 2*d, -3*p - 2*d + 5*d + 480 = 0. Let k be (40/(-180) - 40/(-18)) + p. Let n = k + 17. What is the hundreds digit of n?
1
Let x = -33 - -57. Suppose -8*b - x = -240. Suppose 25*a = b*a - 432. What is the hundreds digit of a?
2
Let v(l) = -2*l**2 + 18*l + 5. Let u be v(9). Suppose -3*t - u*n - 1567 = -7*t, 5*t + n - 1995 = 0. What is the hundreds digit of t?
3
Let q = 32758 + -6418. What is the ten thousands digit of q?
2
Let v(n) = 390 - 370 + 7*n - 14*n**3 + 3*n**3 - 58*n**2. What is the tens digit of v(-8)?
8
Let w be (15/2*(-48)/36)/(-2). Suppose w*s - 3695 = 4*a, -2*a + 3 - 13 = 0. What is the units digit of s?
5
Let s(k) = -80*k**3 + 12*k**2 + 32*k + 84. What is the units digit of s(-3)?
6
Let t(g) = g**2 - 2*g - 8. Let r be t(5). Suppose -r*v + 1704 = v. What is the units digit of 4*v*2/24?
1
Let y(k) be the second derivative of 9*k**3 + 20*k**2 + 5*k + 16. What is the units digit of y(6)?
4
Suppose 5*n = -16 + 41. Let f be (8/n)/(44/1210). Let p = f - -57. What is the hundreds digit of p?
1
Suppose -4*s = a - 1738, s + 2*s = 3. Suppose -w + 5206 = 3*p, -p + 11*w - 10*w = -a. What is the tens digit of p?
3
Let d(w) = -76*w**2 + 3*w - 2. Let a be d(1). Let t be (60/a)/(4/(-2390)). Suppose 0*u + 5*u - t = 4*g, -493 = -5*u - g. What is the tens digit of u?
9
Let z(y) = 2*y + 49. Suppose 28 - 114 = -3*f - 2*h, -2*f - 2*h + 56 = 0. Suppose 28 = -f*k + 26*k. What is the units digit of z(k)?
5
Let x(y) = -y**2 + 2*y - 5. Let n be x(3). Let k be (0 + 1)*(-6)/n*8. Suppose -k*v = -72 + 18. What is the units digit of v?
9
Suppose 0 = -h + 1, -3*x + 4542 = 3*h. Suppose -5*c = n - 0*c - x, 3*c - 3033 = -2*n. What is the tens digit of n?
1
Let n(v) = -v**3 + 9*v**2 + 16*v - 9. Suppose 0 = -4*i - 165 - 27. Let a = 55 + i. What is the hundreds digit of n(a)?
2
Let h(i) = 3*i**2 + i - 7. Suppose 2*p = -182 + 172. What is the tens digit of h(p)?
6
Let d(y) be the first derivative of 14 + 8*y - 1/2*y**2 + 1/3*y**3. What is the tens digit of d(-5)?
3
Suppose 5*q + b = 49, q - b - 51 = -4*q. What is the hundreds digit of 54*q + -4 + 6?
5
Let r be 6 - 2 - (6 - 0). What is the tens digit of 216/(-540) - -977*r/(-10)?
9
Let q be (-342 - 0)*((-88)/(-16) + -6). Suppose 685 = 4*y - q. What is the tens digit of y?
1
Let b(d) = -8*d - 78. Let k be b(-9). What is the hundreds digit of ((-34)/k)/((-1)/(-63))?
3
Suppose -19*f - 20 = -24*f. Let a be (0 - -1) + 15/20*f. Suppose -105 = -5*x + 5*d, 0 = -a*x + x + 4*d + 67. What is the tens digit of x?
1
Let w(o) = -277*o + 1299. What is the ten thousands digit of w(-36)?
1
Let c = -98 + 99. Let o(i) = -229*i**2 + 3*i - 4. Let m be o(c). Let b = m + 489. What is the tens digit of b?
5
Let r = 126845 + -89826. What is the tens digit of r?
1
Let w be 217/2 - 20/40. Suppose -w = -2*z - 4*z. What is the units digit of 1506/z - 4/6?
3
Let a(f) = 2*f**2 - 110*f - 17 - 2*f**2 + 107*f + f**2. What is the units digit of a(11)?
1
Suppose -a + 4*h + 16829 = 0, -a - 267*h = -268*h - 16829. What is the ten thousands digit of a?
1
What is the units digit of (1 - 21/9)*(-163026)/24?
7
Suppose 3*m - 7 - 14 = 0. Suppose m*g = 5*g + 8. Suppose -g*t = 4*f - 364, 4*t - f - 376 = -2*f. What is the units digit of t?
5
Suppose 5*v = 2*i - 7*i + 5, -4*i - 5*v + 6 = 0. Let x be (14 - 10) + (-27 - i). What is the units digit of (-826)/(-10) - x/55?
3
Let d be (4/6)/((-20)/30). Let r be d/(-6)*2 - (-380)/12. Let c = 74 - r. What is the units digit of c?
2
Let r be 24*(10/(-5))/(8/(-13)). Let a(j) = 2*j**2 - 5*j - 3. Let z be a(4). Let u = z + r. What is the units digit of u?
7
Suppose -7*v + 9*v + 5*u - 80 = 0, -2*v + 74 = 2*u. Let s(z) = 8*z - 148. What is the tens digit of s(v)?
3
Let k(s) = -8*s**3 + 2*s**2 + 7*s + 5. Let n be k(-1). Let w(m) = 19*m**2 + 35*m - 245. What is the hundreds digit of w(n)?
2
Suppose -4*j - 4*a = -3*j - 863, 0 = -5*j - 2*a + 4297. Let s = j + -487. What is the tens digit of s?
7
Let h be 3/(11 - 5)*78. Suppose -2*u + 1258 = 4*j, 4*j - h*u + 34*u - 1251 = 0. What is the units digit of j?
4
Let v be (-6)/12 + 11/2. What is the tens digit of (46 + (v - 0))*3?
5
Let n = -9515 + 12842. What is the tens digit of n?
2
Suppose 67*z + 422*z - 26542420 = -46*z. What is the thousands digit of z?
9
Let o = -117 - -78. Let n = 132 + -78. Let d = n + o. What is the tens digit of d?
1
Let u = -293 + 117. Let a = 386 + u. What is the tens digit of a?
1
Let v(w) = -w - 2. Let x be v(-5). Suppose 64 = 4*r + x*c, -3*r - 3*c + 7*c = -48. What is the tens digit of r?
1
Let d(s) = 9*s**2 - 75*s + 7. Let t(z) = 5*z**2 - 39*z + 4. Let w(x) = 4*d(x) - 9*t(x). What is the units digit of w(5)?
2
Let c be (-1 - 4)*(3 + -71). Let d = c + -238. What is the units digit of d?
2
What is the units digit of (44391 - 56)/(10/4) - 9?
5
Let p be 6/27*-3 - (-34)/6. Suppose p*s + 3*n = -231 - 521, 0 = -2*s + n - 303. What is the tens digit of (-36)/(-42)*(3 - s)?
3
Suppose -28 = -4*w, -16626 = -62*k + 61*k + 4*w. What is the units digit of k?
4
Let d = -17983 - -35255. Suppose -13*o = -21*o + d. Suppose -10*l + o = 219. What is the hundreds digit of l?
1
Suppose -294 = -5*u - 5*s + 2*s, 304 = 5*u - 2*s. What is the units digit of 141*4*u/90?
6
What is the thousands digit of (14381280/(-1920))/(6/(-16))?
9
Let f(c) = -2197*c + 39. What is the thousands digit of f(-2)?
4
Let z be (2*1)/(50/75). Suppose 2*y + 845 = v, 2*y - 1899 = -z*v + 676. Suppose 4*u = -5*k + v, -3*k + u = -k - 342. What is the hundreds digit of k?
1
Let g = 4872 + 12209. What is the hundreds digit of g?
0
Let l(u) = -u**2 - 8*u - 7. Let r be l(-6). Suppose -35 = 10*p - r*p. Let k(q) = -q**2 - 12*q + 1. What is the units digit of k(p)?
6
Suppose -u = -6*u + 20. Suppose -4*v + u*x = -7*v + 769, -v = -x - 261. What is the hundreds digit of v?
2
Suppose -5*i - t + 215 = 0, 28*i - 64 = 27*i + 4*t. Let k be 2/1 + 0 - -220. Suppose -41*o + i*o = k. What is the tens digit of o?
7
Suppose 4691023 + 6734857 = 469*a - 141*a. What is the hundreds digit of a?
8
Let b(k) be the third derivative of -k**6/120 + k**5/6 + k**4/4 - 4*k**3/3 + 42*k**2. What is the tens digit of b(9)?
2
Let h = 281 - 270. What is the units digit of ((-2188)/10)/(((-66)/15)/h)?
7
Suppose 11*o - 615 = 78. Suppose -o*z = -75*z + 348. What is the tens digit of z?
2
Let t(h) = 4017*h**2 + 15*h - 39. What is the tens digit of t(2)?
5
Let f(n) = 2*n**3 - 33*n**2 - 150*n - 138. What is the tens digit of f(37)?
4
Suppose 3 = u, 3*n - 345 = -2*u - 3*u. What is the units digit of ((-72)/(-60))/(2 + (